 2*q + 168 = 23*h - 22*h. List the prime factors of h.
2, 3, 29
List the prime factors of (168/(-126))/((-4)/(-6)) + 1 + 19753.
2, 3, 823
Let s be 4/8 + (-9233)/(-14). Let c = 993 - s. What are the prime factors of c?
3, 37
Let s(x) = -x**2 - 39*x + 5. Let b be s(-35). Suppose -b = -2*g + 2*y + 559, -3*y = 5*g - 1768. List the prime factors of g.
353
Let t(q) = 2841*q - 133. What are the prime factors of t(1)?
2, 677
Let t(o) be the third derivative of 1/20*o**5 + 13*o**2 + 0*o + 0 + 1/2*o**3 + 0*o**4. What are the prime factors of t(4)?
3, 17
Let j(x) = -9*x - 47. Let t be j(-8). Suppose -5*v = -t, -4*h + 2050 = -4*v + 2*v. Let q = h - 318. List the prime factors of q.
197
Suppose 66*b + 21*b - 2718290 = -83669. List the prime factors of b.
11, 2753
Suppose -3*z - 4*r + 174 = 1104, 12 = -4*r. Let l = 82 - z. List the prime factors of l.
2, 97
Let u = -1940 + 5419. Suppose u = 38*y - 31*y. What are the prime factors of y?
7, 71
Let i(a) = 33*a**2 + 30*a - 7. Let w be i(5). Let j = -204 + w. What are the prime factors of j?
2, 191
Let t be ((-54)/15 - -3)*-15. Let f(g) = -g**3 + 11*g**2 - 18*g. Let o be f(t). Suppose -i + 55 + 69 = o. What are the prime factors of i?
2, 31
Suppose -2*g + 980 = 3*c, -4*g + 828 = -3*c - 1096. Let d = g + -108. List the prime factors of d.
2, 47
Suppose -15*u = -5*v + 144493 + 20952, 66157 = 2*v - 3*u. List the prime factors of v.
2, 7, 1181
Suppose -2*f + 35 = 5*j - 0*f, f = -2*j + 15. Let a(h) = h**2 - 5*h - 4. Let v be a(j). List the prime factors of ((-6)/v)/(5958/(-1992) + 3).
2, 83
List the prime factors of 4/((-4)/(-1839))*(-602)/(-129).
2, 7, 613
Let d = -100 - -163. Let f = d + -55. Suppose 119 = 9*t - f*t. What are the prime factors of t?
7, 17
Let a(b) = -35*b - 49. Let p be a(-8). Let d be (-1 - -4)*(-113)/(-1). Let o = d - p. List the prime factors of o.
2, 3
Let q = -22 - -40. List the prime factors of -14 + q + (256 + 1)/1.
3, 29
Let n(d) = 110*d**2 - 2*d - 4. Let j be n(-1). List the prime factors of (-246)/(-4)*72/j.
41
Let s(f) = 67*f**3 + 2*f**2 + 7*f - 11. Let j be s(3). Let u = j + -724. List the prime factors of u.
3, 7, 53
Let l = 30189 - 12841. List the prime factors of l.
2, 4337
Let j(b) = 3880*b + 367. What are the prime factors of j(5)?
3, 11, 599
Let n be (-1)/((27/(-12))/9) - -1. Suppose 11*y + l = 12*y - 90, 0 = n*y + l - 456. What are the prime factors of y?
7, 13
Suppose 575 = 3*m - 1621. Let a = m + -301. Suppose -2*t + a = 83. What are the prime factors of t?
2, 3, 29
List the prime factors of (-93574)/4*(406/(-182) - (-48)/208).
13, 59, 61
Let c be ((-3)/4 + 15/36)*0. Suppose c = u + 84 + 315. List the prime factors of u/(-27) + (2 - (-32)/(-18)).
3, 5
Let j(d) = -940*d - 34. Let p(n) = -313*n - 12. Let b(x) = -5*j(x) + 14*p(x). What are the prime factors of b(1)?
2, 5
Let p be 5 + 3 + (4 - (-1104 + 5)). Let s = p + -729. List the prime factors of s.
2, 191
Let f(r) = 11*r + 53. Let v be 0 + -5 + 9 + -4. What are the prime factors of f(v)?
53
Let p = 212 - -220. Let a = p + 139. List the prime factors of a.
571
Suppose -4*r - 1772 = -2*f - 4740, 3*r - 2225 = 2*f. Let a = r - 359. What are the prime factors of a?
2, 3
Suppose -2*h = 2*k - 23416, 8*h + 46822 = 12*h + 2*k. List the prime factors of h.
3, 47, 83
Let z be (26/(-91) - 23/(-7))*-24. What are the prime factors of (-12)/2 - (z - -3)?
3, 7
Suppose 2*h + 2*n - 14 = 0, h + 18 = -0*h + 4*n. Suppose 5*l = 9*l - 552. Suppose h - l = -p. What are the prime factors of p?
2, 17
Let c = 259 + 0. Suppose -q - 4*k + 43 = 0, 2*q + c = 7*q - 2*k. What are the prime factors of q?
3, 17
Let c be (-4)/(8/(-438)) - -2. Let n be ((-30)/10)/((-3)/c). Suppose -d - i = 4*d - 330, 3*d - 4*i - n = 0. What are the prime factors of d?
67
Let o = -7492 - -8272. What are the prime factors of o?
2, 3, 5, 13
Let x(w) = 3*w - 10. Let r = 37 + -33. Let a be x(r). Suppose a*n - 153 = -n. List the prime factors of n.
3, 17
Let k(j) = 2*j - 8. Let t(m) = -m**3 - 3*m**2 + m - 4. Let b be t(-3). Let z be k(b). Let c = 83 - z. List the prime factors of c.
3, 5, 7
Suppose 6*r - 30 = r. Let t be (4/r)/((-7)/(-42)). List the prime factors of 42/t*6 + 3.
2, 3, 11
Let z = -2988 - -15317. What are the prime factors of z?
12329
Let i be (16/5 - 3)*5. Suppose 0 = -22*u + 34 - 12. What are the prime factors of -2*(71*-1 - (i + u))?
2, 73
Let f be (12/(-8))/((-12)/4)*-2. Let r be f*(0 + -1)*(-1 - 5). Let z(b) = -23*b + 24. What are the prime factors of z(r)?
2, 3
Suppose -3*m - 154 - 780 = -2*u, -3*u + 4*m = -1399. Let x = -176 + u. Suppose -7*h + x = -394. List the prime factors of h.
97
Suppose 4*s = -20, -s + 6 + 11 = 2*l. What are the prime factors of 4/(-14)*(-154)/l - -175?
179
Suppose 15 = 5*g, -2*x = -0*x + 2*g - 838. Suppose -8*u + x = -880. List the prime factors of u.
2, 3
Let m = -36185 + 84738. List the prime factors of m.
23, 2111
Let j(m) = -m + 22. Let g be j(12). Let z(u) = -u**3 + 11*u**2 + 7*u + 25. What are the prime factors of z(g)?
3, 5, 13
Let j = 1280 - -1591. Suppose 37*l = -j + 23776. List the prime factors of l.
5, 113
Let t(d) be the second derivative of -d**5/20 - d**4/2 + 3*d**3 - 3*d**2 - d. Suppose -7 = u + 2*l, 0*l + 37 = -4*u + l. List the prime factors of t(u).
3, 5
Suppose -3*v = -2*o + 351 + 567, -5*v - 1534 = -2*o. Let i = v - -1252. List the prime factors of i.
2, 59
Let v(p) = 19*p + 19. Let d be v(-7). Let o be (0 - d)*(-6)/9. Let i = 130 + o. List the prime factors of i.
2, 3
Let l be 20 - ((-3)/15 + (-4)/(-20)). Suppose l*n = 24*n - 176. What are the prime factors of n?
2, 11
Let h(l) = -2*l**3 + 3*l**2 + l - 1. Let c be h(-1). What are the prime factors of (3320/15 - -3)/(1/c)?
673
Suppose 0 = 13*i - 3780 - 354. Let f = i + -259. List the prime factors of f.
59
Let c(d) = 3*d + 39. Let i be c(-12). Suppose 0*t - 3*a + 3 = i*t, 4*t = -5*a. Suppose 3*g = 3, g - t = 2*r - 38. What are the prime factors of r?
17
Let u(o) = 6*o + 83. Let f be u(-13). What are the prime factors of f/(-6) + 4839/18?
2, 67
Let i(o) = -o**2 + 22*o + 24. Let x be i(21). Suppose x*p = 35*p + 2490. What are the prime factors of p?
3, 83
Suppose -5*w - 2*k = -4251, 0 = -8*w + 13*w - 2*k - 4259. Suppose 0 = 11*v - 3051 + w. What are the prime factors of v?
2, 5
Suppose 9*s = -55 + 1. Let a = s + 761. What are the prime factors of a?
5, 151
Let b(p) = p**2 - 5*p - 29. Let d be b(-5). Suppose 3658 = d*u - 1697. List the prime factors of u.
3, 5, 17
Let k = -43 - -52. Let g(n) = -2*n**2 - 2. Let t be g(k). Let a = t - -252. What are the prime factors of a?
2, 11
Let z be 4 - (-3 - -7) - -189. Let r = 575 - 296. Let b = r - z. List the prime factors of b.
2, 3, 5
Let b(q) = -8*q + 13. Let t be (23 + -1)/(-7 - -6). Let o be b(t). Let w = -89 + o. List the prime factors of w.
2, 5
Suppose -3*m - 4*z = 18, 2*z - 16 = 5*m + 4*z. Let q(l) = -26*l**3 + 3*l**2 - 2*l - 10. List the prime factors of q(m).
2, 107
Let o(l) = -50*l + 0 + 32*l + 20*l**2 - l**3 - 4 - 42*l + 2. List the prime factors of o(9).
349
Let y(u) = 4*u**3 - 2*u - 2. Suppose 4*x + 4 + 0 = -4*r, -1 = x + 3*r. Let p be y(x). What are the prime factors of ((-2)/(p/(-822)))/((-183)/61)?
137
Suppose 6*c = 23*c - 51. Suppose m - 692 = -5*n + 1603, -3*n + c*m + 1377 = 0. List the prime factors of n.
3, 17
Let t = -46 - -11616. List the prime factors of t.
2, 5, 13, 89
List the prime factors of (1 + 2/6)/(105/1575).
2, 5
Let g(u) = 145*u - 7. Let l be g(7). Let p(k) = k**3 + 24*k**2 - 21*k - 1007. Let s be p(-23). Suppose l = s*x + 43. What are the prime factors of x?
193
What are the prime factors of 447/(-4)*(1110/(-45) - 10)?
2, 13, 149
Let j = -5487 - -5833. What are the prime factors of j?
2, 173
Let n(r) = 6*r**2 - 4*r - 7. Let j be n(-7). Let c = 746 - j. What are the prime factors of c?
431
Suppose 6*i - 285 = i. Let y(v) = -v**3 - 7*v**2 - 4*v - 34. Let m be y(-7). Let t = i - m. What are the prime factors of t?
3, 7
List the prime factors of 10*1/6 - (-5109766)/291.
17, 1033
What are the prime factors of (-4)/14*(-420)/360*6327?
3, 19, 37
Let h = -1481 + 336. Let s = -591 - h. List the prime factors of s.
2, 277
Let f(a) be the first derivative of a**3/3 - 17*a**2/2 + 52*a + 38. List the prime factors of f(14).
2, 5
Let f be 1018/7 + 18/(-42) - 4. Suppose 669 = -f*x + 144*x. List the prime fa